{"id":164,"date":"2017-02-07T20:05:35","date_gmt":"2017-02-07T19:05:35","guid":{"rendered":"http:\/\/ruhmundelend.de\/Blog\/?page_id=164"},"modified":"2022-12-07T16:43:45","modified_gmt":"2022-12-07T15:43:45","slug":"bibliografie","status":"publish","type":"page","link":"http:\/\/ruhmundelend.de\/Blog\/bibliografie\/","title":{"rendered":"Bibliografie"},"content":{"rendered":"<p><img loading=\"lazy\" decoding=\"async\" class=\"size-medium wp-image-1360 alignleft\" src=\"http:\/\/ruhmundelend.de\/Blog\/wp-content\/uploads\/2021\/11\/schaukeln4-300x282.jpg\" alt=\"\" width=\"300\" height=\"282\" srcset=\"http:\/\/ruhmundelend.de\/Blog\/wp-content\/uploads\/2021\/11\/schaukeln4-300x282.jpg 300w, http:\/\/ruhmundelend.de\/Blog\/wp-content\/uploads\/2021\/11\/schaukeln4-768x722.jpg 768w, http:\/\/ruhmundelend.de\/Blog\/wp-content\/uploads\/2021\/11\/schaukeln4.jpg 777w\" sizes=\"(max-width: 300px) 100vw, 300px\" \/><br \/>\n<strong>Einzelver\u00f6ffentlichungen:<\/strong><\/p>\n<p>Rotes Sofa inklusive Taxigeschichten, Lektora Verlag 2008<br \/>\nRadau \u2013 ein westf\u00e4lischer Groschenroman, Unsichtbar Verlag 2012<br \/>\nHerr Weber auf Safari, Unsichtbar Verlag 2014<\/p>\n<p><strong>Reiseerz\u00e4hlung:<\/strong><\/p>\n<p><a href=\"http:\/\/www.literaturport.de\/literatouren\/muensterland\/literatour\/andreas-weber-toeddenland\/\" target=\"_blank\" rel=\"noopener\">Literatouren: T\u00f6ddenland<\/a>\u00a0&#8211;\u00a0Auf den Spuren der Westf\u00e4lischen T\u00f6dden nach Hopsten, Mettingen, Recke und Ibbenb\u00fchren, Literarisches Colloquium Berlin, 2015<\/p>\n<p><a href=\"http:\/\/www.aisthesis.de\/epages\/63645342.sf\/de_DE\/?ObjectPath=%2FShops%2F63645342%2FProducts%2F978-3-8498-1243-0\" target=\"_blank\" rel=\"noopener\">\u201eSehnsucht in die Ferne\u201c<\/a> &#8211; Reisen mit Annette von Droste-H\u00fclshoff, Literaturkommission f\u00fcr Westfalen, Band 74, 2017<\/p>\n<p><strong>Anthologien:<\/strong><\/p>\n<p>Stadtgeschehen bei Mischwetter, Sch\u00f6neworth Verlag, 2006<br \/>\nPunchliner 6, Literatur Satire &amp; Slam Poetry, Andreas Reiffer Verlag, 2009<br \/>\nPunchliner 7, Literatur Satire &amp; Slam Poetry, Andreas Reiffer Verlag, 2010<br \/>\nPoetry Slam, Die 40 besten B\u00fchnentexte, Carlsen Verlag, 2011<br \/>\nPunchliner 8, Literatur Satire &amp; Slam Poetry, Andreas Reiffer Verlag, 2011<br \/>\nEtwas ist faul im Staate, Blaulichtverlag, 2012<\/p>\n<p><strong>Herausgeber von:<\/strong><\/p>\n<p>Zettelwirtschaft, Magazin f\u00fcr Off-Literatur und Slam Poetry (seit 2006)<br \/>\nFrische Eier \u2013 Junge westf\u00e4lische Off-Literatur, Sonderpunkt Verlag, 2009<\/p>\n<p><strong>Katalogbeitr\u00e4ge:<\/strong><\/p>\n<p>Haut ab, haut her, haut hin, haut drauf, in: Haut, ein interdisziplin\u00e4res Kunstprojekt, B\u00fcrgerzentrum Schuhfabrik, Ahlen 2008.<br \/>\nVorwort f\u00fcr Ausstellungskatalog: Anne K\u00fcckelhaus, Anderswo (Hg. Forum f\u00fcr zeitgen\u00f6ssische Keramik, Halle 2009.<br \/>\nF\u00fcr eine Handvoll Kunst, in: Transfer. Beitr\u00e4ge zur Kunstvermittlung No. 8 (Hg.vom Sch\u00f6ppinger Forum f\u00fcr Kunstvermittlung, 2012.<\/p>\n","protected":false},"excerpt":{"rendered":"<p>Einzelver\u00f6ffentlichungen: Rotes Sofa inklusive Taxigeschichten, Lektora Verlag 2008 Radau \u2013 ein westf\u00e4lischer Groschenroman, Unsichtbar Verlag 2012 Herr Weber auf Safari, Unsichtbar Verlag 2014 Reiseerz\u00e4hlung: Literatouren: T\u00f6ddenland\u00a0&#8211;\u00a0Auf den Spuren der Westf\u00e4lischen T\u00f6dden nach Hopsten, Mettingen, Recke und Ibbenb\u00fchren, Literarisches Colloquium Berlin, 2015 \u201eSehnsucht in die Ferne\u201c &#8211; Reisen mit Annette von Droste-H\u00fclshoff, Literaturkommission f\u00fcr Westfalen, Band [&hellip;]<\/p>\n","protected":false},"author":1,"featured_media":0,"parent":0,"menu_order":0,"comment_status":"closed","ping_status":"closed","template":"","meta":{"footnotes":""},"class_list":["post-164","page","type-page","status-publish","hentry"],"_links":{"self":[{"href":"http:\/\/ruhmundelend.de\/Blog\/wp-json\/wp\/v2\/pages\/164"}],"collection":[{"href":"http:\/\/ruhmundelend.de\/Blog\/wp-json\/wp\/v2\/pages"}],"about":[{"href":"http:\/\/ruhmundelend.de\/Blog\/wp-json\/wp\/v2\/types\/page"}],"author":[{"embeddable":true,"href":"http:\/\/ruhmundelend.de\/Blog\/wp-json\/wp\/v2\/users\/1"}],"replies":[{"embeddable":true,"href":"http:\/\/ruhmundelend.de\/Blog\/wp-json\/wp\/v2\/comments?post=164"}],"version-history":[{"count":8,"href":"http:\/\/ruhmundelend.de\/Blog\/wp-json\/wp\/v2\/pages\/164\/revisions"}],"predecessor-version":[{"id":1549,"href":"http:\/\/ruhmundelend.de\/Blog\/wp-json\/wp\/v2\/pages\/164\/revisions\/1549"}],"wp:attachment":[{"href":"http:\/\/ruhmundelend.de\/Blog\/wp-json\/wp\/v2\/media?parent=164"}],"curies":[{"name":"wp","href":"https:\/\/api.w.org\/{rel}","templated":true}]}}